 k be 1/(0 + -2 - 14/(-6)). Suppose -15 = k*w, 0*s + 26 = s - 4*w. Let c(r) = r**2 - 5*r + 3. Give c(s).
9
Let n(d) be the second derivative of d**5/20 - 7*d**4/12 + 2*d**3/3 + 3*d**2/2 - 247*d. Let j(z) = -6*z**3 - z**2 + 1. Let w be j(-1). What is n(w)?
-9
Let y(x) = 2*x**2 - x + 4. Let p be (-49)/(-10) + 32/320. Calculate y(p).
49
Let t be (8 + -12)*2/4. Let b be 6 - (t*3 + 2). Let x(f) = -4*f + 3*f - b + 12. Determine x(6).
-4
Let u(q) = -7 + 2*q + 2*q + 4*q**3 - 5 - 1 - q**2. Let z(m) = -m**3 - m**2 - m + 1. Let x(n) = u(n) + 5*z(n). What is x(-6)?
-2
Let v(z) be the first derivative of -2*z**3 + z**2/2 - z + 3. Let k be (2/(-2))/(33/(-33)). Give v(k).
-6
Let h(q) = q**3 + 2*q**2 + q - 1. Let t = 1 + 6. Let u be 9 - t - -5*1. Suppose u*n - n = -12. Give h(n).
-3
Let g be (-1 - 4/(-6))*(-9 - 0). Let n(z) = 6*z - 3. Let x(p) = -11*p + 5. Let o(u) = 5*n(u) + 3*x(u). Calculate o(g).
-9
Let q = 1317 - 1309. Let g(j) = -j**3 + 7*j**2 - 2*j + 12. Determine g(q).
-68
Let z(u) = u + 1. Let o(x) = 1. Let p(m) = 4*o(m) - z(m). Calculate p(-5).
8
Let l be 10/200 + (-3)/(-15). Let g(k) be the first derivative of -k**3 + 1/2*k**2 + 4 - l*k**4 - k. Give g(-2).
-7
Let t(i) = -i**3 - 7*i**2 - 13*i - 5. Let v(c) = 3*c**3 + 22*c**2 + 42*c + 15. Let w(q) = -7*t(q) - 2*v(q). Calculate w(-4).
-7
Suppose 0*l + l = 8. Suppose -4*u + l*u - 12 = 0. Let g(a) = -a + 1 - 5*a**2 + 2*a - u*a. Give g(-2).
-15
Let r(d) be the first derivative of -1/3*d**3 - 50 - 7*d + 5*d**2. Determine r(7).
14
Let r = 6 - 3. Suppose -r + 28 = 5*t. Suppose -4*p - 19 = t*v, p - 6 = 2*v - 14. Let s(x) = -x. What is s(p)?
6
Let p(n) = 2*n + 8. Let l(w) = w + 4. Let s(k) = -13*l(k) + 6*p(k). Let z(t) = -t**2 - 29*t - 105. Let b be z(-25). Give s(b).
1
Let f(b) = b**2 - 4*b - 1. Let z(d) = d**2 - 3*d. Let g(o) = 2*f(o) - 3*z(o). Suppose -7 = -2*s - 1. Determine g(s).
-8
Let z(h) = -h**3 - 5*h**2 - 4*h - 1. Suppose -6*j - 2 = 4. Let t be -4 + 4 + 2 - j. Let m be 2/t*(-36)/8. Calculate z(m).
-7
Let c(y) = -3*y - 9. Suppose -u + 41 = 48. What is c(u)?
12
Let n be (-30)/24 - 33/12. Let p(r) = -5*r - 16. Let o(v) = 2*v + 5. Let m(q) = -14*o(q) - 4*p(q). What is m(n)?
26
Let k(o) = -o**3 - 9*o**2 - 21*o - 105. Let d be k(-8). Let x(a) = 18*a**2 - 2*a - 1. Give x(d).
19
Let f(o) = -o**2 - 8*o + 3. Let u be f(-8). Let w(l) = -u*l - 8*l**2 + 12*l + 9*l**2 + 11. Give w(-8).
3
Suppose -4*h + 3 = -9. Suppose h*l = -2 - 7. Let d(g) be the second derivative of g**5/20 + g**4/6 - g**3/3 + 3*g**2/2 + 6*g. Calculate d(l).
0
Let j(q) = -q**3 - 29*q**2 + 62*q - 15. Let b be j(-31). Let z(h) = 3*h**2 + 46*h + 19. Calculate z(b).
4
Let j(q) be the second derivative of q**4/12 + 2*q**3/3 + q**2 - q. Let h = -236 - -231. Give j(h).
7
Let p(u) = u**3 - 5*u**2 + 5*u + 1. Suppose 0 = g - 34 - 13. Let o be (-1)/(-2)*(-5 + g). Suppose 4*a = -5*l + o, -l = 3*l - 4. Give p(a).
5
Let i be 3/12 + (6/8 - -4). Let d(a) = a**2 - 3*a - 7. Determine d(i).
3
Let x(k) = 6 - 12 - 2 + 0 + 1 - 2*k. What is x(-4)?
1
Let t(x) be the third derivative of 7*x**4/24 + x**3/2 - 12*x**2. Give t(-3).
-18
Let y be (-40)/500 - 1064/(-175). Let h(g) = -g**3 + 2*g**2 + 7*g - 2. Let o(z) = -z**2 + z + 1. Let b(v) = h(v) - 4*o(v). Determine b(y).
12
Suppose 3*r = 5*q - 13, q + 3*r + 4 - 21 = 0. Let c(p) = -1. Let b(l) = l**3 - 6*l**2 + 3*l - 1. Let k(j) = b(j) + 2*c(j). Calculate k(q).
-13
Let t = 0 + -2. Let f(i) be the third derivative of i**5/24 + i**4/24 - 4*i**3 - 18*i**2. Let o(g) be the first derivative of f(g). Give o(t).
-9
Let z = -1 - 2. Let o(f) = -22 + 3*f + 15 + f**2 + 11. What is o(z)?
4
Let w(u) = 12*u**3 + u**2 + u + 1. Let b(c) = -6*c + 2. Let x be b(0). Suppose -2*s - x*m + 6 = 0, -2*s + 3*m - 1 = 13. Determine w(s).
-11
Let w(j) be the first derivative of -j**4/4 + j**3/3 - 10*j - 3. Let f be 6/(-4) + (-18)/(-4). Suppose -f*s = 2*s. Give w(s).
-10
Let x(r) be the third derivative of -5*r**4/24 + 2*r**2. Let p be (-11 - 1)/((-36)/(-90)). Let j be 246/p + 7 - (-2)/10. What is x(j)?
5
Let y = -2 + -2. Let h be 10/(-40) + (-1)/y. Let j(q) = -2*q**3 + 3*q + q**3 + 4 - q**2 + 2*q**2 + h*q**3. What is j(3)?
-5
Let i(b) = b**2 - 76*b + 493. Let y be i(7). Let j(q) = -q**2 + 9*q + 6. What is j(y)?
-4
Let b(g) be the second derivative of 0 + 1/2*g**2 + g - 5/2*g**3. Let t(i) = -3*i - 20. Let k be t(-7). Calculate b(k).
-14
Let l(z) = -6*z**3 + 9*z + z - 1 + 6*z**2 - 6. Let w(c) = -5*c**3 + 6*c**2 + 9*c - 6. Let b(g) = 6*l(g) - 7*w(g). Calculate b(-6).
18
Let q(z) = -z**2 + 7*z - 3. Let i(u) = u**3 + 4*u**2 - u - 1. Suppose -2*o - 1 = 7. Let g be i(o). Suppose -2*c + 2*n = 4, -c + 5*n - 13 = g*c. Calculate q(c).
9
Let q = 12 + -7. Suppose -5*l + 0*l + 38 = -r, -2*r = -2*l + 20. Let t(w) = w + q - 2 - l. Determine t(4).
0
Let l(o) = -3*o + 2. Let r(s) = 2*s - 3. Let m(j) = -4*l(j) - 5*r(j). Let i(c) = 3*c + 8. Let f(x) = 4*i(x) - 5*m(x). Determine f(2).
1
Let f(k) = k - 3. Let h(b) = -2*b + 2. Suppose 0 = -p + 4 + 2. Let w be h(p). Let y = 15 + w. Give f(y).
2
Let i(n) = -2*n**2 + 6*n. Suppose 28*p - 84 = -0*p. Calculate i(p).
0
Suppose 2*v - 106 - 146 = 0. Let i(g) = -3 + 0 - v*g**3 + g - 3*g**2 + 125*g**3. Determine i(-3).
-6
Let i = -11 - -14. Let h(f) = 0 - i - 3*f - 1 - f. Give h(-3).
8
Let a = 140 + -136. Let m(l) = -35*l + 1 + 73*l - a*l**3 - 38*l - 2*l**2. Give m(-1).
3
Suppose 0 = -12*g + 16*g - 12. Let t = 14 + -12. Let a(n) = -3*n + 3 + g*n**2 - 4*n**t + 2*n**2. What is a(2)?
1
Let m(b) = -7*b**3 + 12*b**2 + 7. Let i be 232/(-56)*2 + 2/7. Let z(n) = 11*n**3 - 18*n**2 - 10. Let h(r) = i*m(r) - 5*z(r). What is h(6)?
-6
Let h be -5 - (-7 - -4)*-1. Let p be (-6)/h*8/(-1). Let s(j) = -2*j**2 - 7*j - 7 + j**2 + 10. Determine s(p).
9
Let v = -16 + 20. Let r(m) be the first derivative of m**2/2 - 2*m - 30. What is r(v)?
2
Let h(f) = 19*f**2 - 10*f**2 + 0 - 12*f**2 + 2 + 4*f + 5*f**3. Let b(q) = 6*q**3 - 3*q**2 + 5*q + 2. Let d(k) = -4*b(k) + 5*h(k). Determine d(2).
-2
Let a(i) = -3*i. Let b(y) = -y**2 + 10*y + 7. Let l be b(8). Let v = l - 25. Calculate a(v).
6
Let v(o) = o**2 + o + 16. Let j(t) = t**2 + 14*t + 4 + 1 + 12 - 13*t. Let m(b) = -2*j(b) + 3*v(b). Give m(0).
14
Let p(f) = f**2 + 3*f + 1. Let h be p(-2). Let l(s) = -6*s**2 + 3*s + 2. Let g be (2 - 3 - -5) + -5. Let y(n) = -n - 1. Let r(c) = g*y(c) - l(c). What is r(h)?
7
Let f(q) = q**2 - 4. Suppose u + 3*d + 29 = 6*u, -32 = -5*u + 4*d. Give f(u).
12
Let r = -3 + 6. Let y(t) = -4*t**2 + t + 1. Let a(k) = -5*k**2 + 1. Let s(u) = -3*a(u) + 4*y(u). Let v be s(r). Let w(b) = b**2 - 4*b + 3. Give w(v).
3
Suppose -10*m + 23 = 3. Let a(i) = -17 + 24 - 9 - 8*i - i**m. Determine a(-7).
5
Let j be 18*9 + 1 - -3. Let b(q) = 167*q + q**2 + j*q - 339*q - 4. Determine b(6).
-4
Suppose -o - 16 = -3*u, -2*o + 4*u = o + 23. Let g(s) = -6*s**3 - s**2 - s. Give g(o).
6
Let s(v) = -7*v**3 + 4*v**2 - v - 9. Let u(b) = b**3 + 1. Suppose -40 = 7*y - 3*y. Let d = y - -16. Let h(z) = d*u(z) + s(z). What is h(3)?
3
Let f(b) be the third derivative of 13*b**4/12 - b**3/6 + 41*b**2. Determine f(2).
51
Let k(r) = -3*r. Let m(l) = -14*l - 3. Let q(s) = -10*k(s) + 2*m(s). What is q(-3)?
-12
Let j(w) = -2 + 9*w - 3*w + w - 8*w - w. Give j(-6).
10
Let o(u) = u**2 + 6*u + 7. Suppose -4*a - 16 = 0, s + 4*s = -4*a - 221. Let g = s + 36. Give o(g).
2
Let r(a) = a**2 + 5*a - 10. Let x(n) = -n**3 - 4*n**2 - 4*n. Let w be x(-5). Suppose -7 = g - 3*g - p, 5*g - w = 3*p. Suppose g*u = -35 - 7. What is r(u)?
4
Let y(l) = -l**2 + 9*l + 6. Let t be y(9). Suppose t*k - 7 = -25. Let p(o) = o - 3. Calculate p(k).
-6
Let q(c) = -c**3 + c**2 + 3*c - 1. Suppose -25*o - 13 = 62. Give q(o).
26
Let w(a) = 3*a**2 - 2*a + 1. Let z(u) = 7*u**2 + 10*u + 3. Let l(y) = 2*w(y) - z(y). Give l(-7).
48
Let s(h) = 12*h**2 - 18*h - 8. Let x(v) = 19*v**2 - 27*v - 12. Let r(q) = -8*s(q) + 5*x(q). What is r(7)?
18
Let s(y) = -59*y + 6 + 3 + 14 + 60*y. Let r be s(-18). Let n(a) = -a**3 + 4*a**2 + 8*a - 3. What is n(r)?
12
Let m(a) = a**3 - 3*a**2 - 5*a + 20. Suppose -19*w = -74 - 2. Determine m(w).
16
Let i = -474 - -475. Let g(m) = 2*m**2 + 2*m - 1. Determine g(i).
3
Let d(a) = 6 - 4*a + 7*a - 5*a + a. Let f(g) = -2*g**2 + 18*g - 6. Let q be f(9). Calculate d(q).
12
Let c(j) = j**2 + 26*j + 107. Let a be c(-21). Let p(q) = 3. Let s(t) = t +